reatest common factor of 1250 and 1280.
10
What is the greatest common divisor of 170 and 2110?
10
What is the highest common factor of 132133 and 1154?
577
What is the highest common factor of 205 and 3649?
41
Calculate the greatest common divisor of 3151 and 74704.
23
What is the greatest common divisor of 224 and 61408?
32
What is the highest common factor of 946 and 23056?
22
What is the highest common divisor of 4116 and 6006?
42
Calculate the highest common factor of 61245 and 90.
45
What is the highest common divisor of 460758 and 12?
6
Calculate the greatest common divisor of 9038562 and 13.
13
Calculate the greatest common divisor of 125798 and 3534.
62
Calculate the greatest common divisor of 368768 and 1634.
86
Calculate the highest common divisor of 274 and 3898.
2
What is the greatest common divisor of 1640624 and 32?
16
Calculate the highest common divisor of 110 and 163856.
22
Calculate the highest common divisor of 52 and 8385.
13
What is the highest common factor of 1600 and 848800?
800
Calculate the greatest common divisor of 1446195 and 2680.
335
Calculate the greatest common factor of 2280 and 25745.
95
Calculate the highest common divisor of 62 and 28484.
2
Calculate the highest common factor of 4539735 and 5925.
1185
Calculate the greatest common divisor of 140 and 12656.
28
What is the greatest common divisor of 12 and 78716?
4
What is the highest common divisor of 4997 and 475?
19
What is the greatest common divisor of 24 and 1580244?
12
What is the greatest common divisor of 858 and 3234?
66
Calculate the highest common divisor of 115116 and 3657.
159
Calculate the highest common divisor of 8189 and 3017.
431
What is the highest common factor of 64 and 480?
32
Calculate the highest common divisor of 2071 and 41857.
19
What is the greatest common divisor of 63 and 55503?
63
Calculate the highest common divisor of 10653 and 8427.
159
What is the greatest common divisor of 67223 and 91?
13
Calculate the greatest common divisor of 1024590 and 1904.
238
Calculate the highest common divisor of 132 and 100452.
132
Calculate the greatest common factor of 4684 and 66.
2
Calculate the highest common factor of 531690 and 90.
30
Calculate the greatest common factor of 139 and 15429.
139
What is the greatest common factor of 522 and 1338?
6
What is the greatest common divisor of 21 and 10192?
7
What is the greatest common factor of 100 and 13260?
20
Calculate the greatest common factor of 3211540 and 4120.
2060
Calculate the highest common divisor of 3452 and 908.
4
What is the greatest common divisor of 4905 and 1980?
45
Calculate the greatest common factor of 211970 and 2090.
110
Calculate the highest common factor of 12354 and 41586.
174
Calculate the greatest common divisor of 655056 and 144.
144
Calculate the greatest common factor of 100 and 4780.
20
What is the greatest common factor of 34909 and 7?
7
What is the highest common divisor of 13404 and 62?
2
What is the highest common factor of 220 and 1604?
4
Calculate the highest common divisor of 54 and 4095009.
27
Calculate the greatest common factor of 13 and 163579.
13
Calculate the greatest common divisor of 34714 and 34.
34
What is the highest common factor of 58930 and 4482?
166
Calculate the highest common divisor of 18 and 2620320.
6
Calculate the highest common divisor of 24688 and 6.
2
What is the highest common divisor of 2226 and 1218?
42
Calculate the highest common divisor of 1271 and 108609.
41
Calculate the greatest common divisor of 64 and 4448.
32
What is the greatest common factor of 2006477 and 1034?
517
What is the highest common factor of 749042 and 49?
7
What is the greatest common factor of 34371 and 8721?
513
What is the highest common divisor of 1970375 and 1375?
1375
Calculate the greatest common factor of 58762 and 22.
22
Calculate the greatest common factor of 10176 and 10282.
106
Calculate the greatest common divisor of 5785365 and 30.
15
What is the highest common divisor of 14371 and 217?
7
What is the greatest common factor of 160285 and 10?
5
Calculate the highest common factor of 316 and 4.
4
Calculate the highest common divisor of 18 and 4894.
2
What is the highest common factor of 1032 and 102856?
344
What is the greatest common divisor of 248034 and 2010?
402
Calculate the greatest common divisor of 29 and 29464.
29
Calculate the greatest common divisor of 44800 and 50.
50
Calculate the greatest common factor of 2912 and 10374.
182
Calculate the greatest common factor of 3036 and 59268.
132
Calculate the greatest common divisor of 11 and 443.
1
Calculate the greatest common divisor of 2567 and 54058.
151
What is the greatest common factor of 961787 and 61?
61
What is the highest common divisor of 648297 and 351?
351
What is the greatest common factor of 260 and 105820?
260
What is the greatest common factor of 155388 and 96?
12
What is the highest common divisor of 103804 and 4?
4
What is the highest common factor of 1955621 and 23?
23
Calculate the highest common divisor of 520359 and 1745.
349
What is the greatest common divisor of 353683 and 711?
79
Calculate the greatest common divisor of 46 and 822871.
23
What is the greatest common divisor of 3708976 and 944?
944
What is the greatest common divisor of 206211 and 21?
3
Calculate the greatest common factor of 19260 and 2910.
30
Calculate the highest common divisor of 94 and 2494760.
94
What is the greatest common divisor of 270 and 10566?
18
Calculate the highest common factor of 93890 and 205.
205
What is the greatest common divisor of 3965 and 12935?
65
What is the greatest common divisor of 24 and 4901816?
8
Calculate the highest common divisor of 73890 and 108.
18
What is the highest common divisor of 187 and 130033?
17
What is the highest common factor of 58 and 3165350?
58
What is the highest common divisor of 301 and 1883?
7
What is the greatest common factor of 510 and 25296?
102
Calculate the highest common divisor of 54 and 51462.
54
What is the greatest common factor of 66543 and 1025?
41
What is the greatest common divisor of 140 and 6840?
20
What is the highest common factor of 80 and 133648?
16
What is the greatest common factor of 254 and 175641?
127
What is the greatest common divisor of 800569 and 88?
11
What is the highest common factor of 2382400 and 1280?
320
Calculate the highest common factor of 38313 and 86.
43
What is the greatest common factor of 22046 and 14194?
302
Calculate the greatest common factor of 78 and 364832.
26
What is the highest common factor of 33867 and 284?
71
Calculate the greatest common factor of 784920 and 844.
844
Calculate the greatest common factor of 1127 and 7301.
49
What is the greatest common divisor of 38241 and 336?
21
Calculate the greatest common factor of 6120 and 2652.
204
What is the highest common factor of 79724 and 76?
76
Calculate the greatest common divisor of 16760 and 160.
40
What is the greatest common factor of 2028 and 1716?
156
Calculate the highest common divisor of 730595 and 92.
23
Calculate the highest common divisor of 18542 and 2286.
254
Calculate the highest common factor of 179278 and 1914.
638
What is the highest common divisor of 1253937 and 204?
51
Calculate the greatest common factor of 12 and 229708.
4
What is the highest common divisor of 948 and 4142286?
474
Calculate the greatest common factor of 133400 and 1480.
40
Calculate the highest common divisor of 1525760 and 400.
80
Calculate the greatest common divisor of 260 and 875810.
130
What is the highest common factor of 17416 and 616?
56
What is the greatest common divisor of 32825 and 1225?
25
Calculate the greatest common divisor of 60 and 435160.
20
Calculate the highest common factor of 318 and 2067.
159
Calculate the greatest common divisor of 2450 and 14525.
175
Calculate the greatest common factor of 550 and 37600.
50
Calculate the highest common divisor of 13867 and 2264.
283
Calculate the highest common factor of 83 and 38263.
83
What is the greatest common divisor of 49 and 220962?
7
What is the greatest common factor of 475 and 4351475?
475
What is the greatest common factor of 299103 and 147?
21
What is the greatest common factor of 1715 and 315?
35
What is the highest common factor of 256 and 6096?
16
What is the greatest common 